.
3
Let b be 8 + 0 + 4 + -5. Let p = 72 - b. What is the greatest common factor of 26 and p?
13
Let j be -4 + (-16 - -14 - -1*20). What is the highest common factor of 1 and j?
1
Let p(o) = -6*o - 10. Let h be p(-9). Suppose h = 4*n - 4. Suppose g - 32 = n. What is the greatest common divisor of 11 and g?
11
Let b(p) = 2*p**2 - 7*p. Let r be b(6). Suppose -j + 20 = -r. Let f(d) = d**2 + 8*d - 30. Let g be f(7). Calculate the greatest common factor of j and g.
25
Let y = -3 - -10. Let c(z) = -z**2 + 10*z - 14. Let w = -8 + 15. Let o be c(w). Calculate the highest common divisor of y and o.
7
Let w(x) = -x**2 + 35*x - 88. Let y be w(31). Calculate the highest common factor of 261 and y.
9
Let p be 13/((-117)/(-4428)) + 6/(-3). What is the highest common factor of 140 and p?
70
Suppose 5*s + 55 = -3*m, -4*m = -3*m + 5. Let t = 60 + -41. Let p = t + s. What is the highest common factor of 11 and p?
11
Let g(m) be the first derivative of 2*m**3/3 + m**2 + 8*m - 14. Let l be g(0). What is the greatest common factor of 72 and l?
8
Let f = -981 - -1716. Suppose -5*g + 420 = -f. Calculate the highest common factor of 21 and g.
21
Suppose 25*h - 15*h + 112 = 38*h. Let o(p) = -p**2 - 7*p + 4. Let s be o(-4). What is the greatest common factor of s and h?
4
Suppose 11*l - 2*l = 63. Let y = 27 + -17. Let i = y + l. What is the highest common divisor of i and 85?
17
Suppose -2*o + 30 + 2 = 2*c, 2*o - 70 = -4*c. Calculate the highest common factor of 190 and c.
19
Let u be ((-3)/(-6))/((-3)/36). Let o = -12 - u. Let h(t) = t**2 - 2*t - 6. Let l be h(o). Calculate the greatest common divisor of l and 14.
14
Let j be 48/(-21) - -2 - 2/(-7). Let y be (1 - j - -2) + 5. Calculate the highest common divisor of y and 32.
8
Suppose 5*n - 2*b - 436 = 0, 0*b - 4*b = -2*n + 168. Let r be (n/(-110))/((-2)/5). What is the greatest common factor of 18 and r?
2
Let s(k) = -3*k - 15. Let d be s(-8). Suppose -3*m = -2*t - 2 - d, -4*m - 8 = 3*t. What is the highest common factor of m and 1?
1
Suppose 0 = 2*y - 5*g + 21, -y - 2*g + 12 = -0*y. Suppose -w - 4*h = h - 75, -5*w - y*h = -444. What is the highest common divisor of 36 and w?
18
Let h = 1265 + -1118. What is the highest common divisor of h and 189?
21
Let j = 205 + -116. Calculate the greatest common factor of j and 2.
1
Suppose -2*l = -l + y - 2, 5*l + 3*y = 12. What is the greatest common factor of 3 and l?
3
Suppose -4*d - 20 = 0, 5*j - 2*d - 115 = -3*d. What is the highest common factor of 88 and j?
8
Suppose -3*d = -3*z + 354, -122 = -z - 6*d + 5*d. What is the greatest common divisor of 24 and z?
24
Suppose 0 = 3*k - 4*k + 2*s - 26, 0 = -2*k + 5*s - 50. Let t be 50 - (-2)/1 - 3. Let u = k + t. Calculate the greatest common factor of 95 and u.
19
Let f = 3 - -11. Let q(v) = -v**2 - 23*v - 39. Let r be q(-3). What is the highest common factor of f and r?
7
Let y = 3 - 0. Suppose -8*j + 5*q = -3*j - 30, 0 = -3*j - y*q. Suppose -5*m + j = -52. Calculate the greatest common factor of m and 88.
11
Let d = 111 - 21. Suppose 2369*o + 180 = 2379*o. Calculate the highest common divisor of d and o.
18
Let u(p) = -256*p**2 + 2*p + 0*p + 258*p**2. Let f be u(2). Calculate the highest common factor of 108 and f.
12
Suppose -2*w - 3*i = -31, 5*i + 20 = 5*w + i. Let p(b) = -b + 8. Let t be p(w). Suppose -4*o + o + 36 = t. Calculate the greatest common factor of 6 and o.
6
Suppose -30 = -2*b - 0*b. Suppose -8*x + 2*x = 30. Let p be 2/x*(-3 + -72). What is the highest common divisor of b and p?
15
Let s be (6 + 20 + -4)*(-5)/(-2). Calculate the highest common divisor of 5 and s.
5
Let g = -371 - -413. What is the highest common factor of 399 and g?
21
Let h(z) = -z**3 - 4*z**2 - 2*z + 6. Suppose k = 4 - 8. Let l be h(k). Calculate the highest common factor of 4 and l.
2
Let z = -14 + 78. Suppose 5*g = 3*j + 18, 6 = g - 2*j - j. Suppose -5*m + 2*w + z = 0, -5*w - 46 = g*m - 6*m. What is the highest common factor of m and 60?
12
Suppose 185 - 53 = 4*d. Suppose t - 16 = d. Suppose -57 = -5*u + 2*h + t, -u + 5*h + 12 = 0. Calculate the greatest common factor of u and 176.
22
Let r(l) = l**3 + 11*l**2 + 21*l + 120. Let i be r(-9). What is the greatest common factor of 9 and i?
3
Let j = -45 - -44. Let l(a) = 10*a**2 + 2*a. Let q be l(j). What is the greatest common divisor of 16 and q?
8
Let y be (3 + 45/2)*(0 - -2). What is the highest common divisor of 1377 and y?
51
Let c(m) = 7*m - 18. Suppose k + 2*k - 3 = 5*l, 15 = 4*k - 3*l. Let y be c(k). Calculate the highest common divisor of y and 192.
24
Let a = 1258 - 1254. Suppose 31 - 6 = 5*x. Let k(w) = w + 7. Let v be k(x). Calculate the highest common factor of v and a.
4
Let m be -30 + 1*(1 + -2). Let v = m + 94. Suppose -21 - v = -4*t. What is the highest common factor of t and 189?
21
Let v = 67 - 67. Suppose -11*w + 0*w + 66 = v. What is the greatest common factor of w and 14?
2
Let v be (-56)/(-6) - 1/3. Suppose 10 = -10*a - 190. Let d = a + 26. Calculate the highest common factor of d and v.
3
Let r(v) = v**3 - 10*v**2 - 5*v - 10. Let d be r(11). Suppose z - 2*z = -d. Suppose 0 = m - z - 34. Calculate the highest common divisor of 18 and m.
18
Let g be (3 - 17/(-1))*2. Suppose 3*k = 3*t - 7 - 29, -3*t = -5*k - 40. Calculate the greatest common factor of t and g.
10
Suppose 2*r = -25 - 9. Let s(y) = -12*y + 4. Let t be s(3). Let i = r - t. Calculate the greatest common divisor of 5 and i.
5
Suppose -229*r = -220*r - 3978. Calculate the highest common factor of 78 and r.
26
Suppose -14*u - 4*u = -2250. What is the greatest common divisor of u and 25?
25
Let k = 4331 + -4241. Let i be (-21)/(-2) + 2/(-4). What is the greatest common divisor of k and i?
10
Let g be ((-13)/(-2))/(2/4). Suppose -g*j - 31 = -174. What is the highest common divisor of j and 66?
11
Let l = -4793 + 5108. Let q = 60 + -25. What is the greatest common factor of l and q?
35
Suppose -k - 5*z + 214 = 0, 2*k = 3*k - 4*z - 196. Suppose 5*r = -4*u + k, -4*r = u + 8 - 48. What is the highest common divisor of 8 and u?
8
Suppose 7*a + 11 = 2*u + 4*a, -u = 3*a - 1. Suppose 0 = -u*v - 3 + 35. Suppose -v*s + 9*s = 12. What is the greatest common factor of s and 84?
12
Suppose 33*x = 8*x + 15950. What is the highest common factor of 22 and x?
22
Let l be 101/2*(16 - 14). Suppose -l + 959 = 3*q. Calculate the greatest common divisor of 26 and q.
26
Let s(p) = 2*p**2 - 10*p - 10. Let j be s(10). Suppose 0 = -2*r + 4*f - 44, 6*f + 12 = 2*f. Let k = -18 - r. Calculate the highest common factor of j and k.
10
Suppose -3*h + 621 = 6*h. Let d = 111 - h. What is the highest common divisor of 210 and d?
42
Suppose 36 = 4*l - 3*d, -2*l - 3*d - 7 = -25. Let g be 425/l - 12/54. Let q be 2 + g - (-3 - -1). Calculate the greatest common factor of 17 and q.
17
Let o = 10875 - 7373. Calculate the highest common divisor of o and 34.
34
Suppose j - 9 + 5 = 0. Let t be j + -1 + 43 + 1. Suppose -13 - t = -4*v. Calculate the greatest common factor of 45 and v.
15
Suppose -111*w + 105*w + 588 = 0. Calculate the highest common divisor of 42 and w.
14
Suppose -2597 = 6*l + 2491. Let v be 2/9 - l/72. Calculate the greatest common divisor of v and 60.
12
Suppose 0 = -6*f + g - 5*g + 890, -2*f + 3*g + 288 = 0. What is the greatest common divisor of f and 833?
49
Suppose 0 = -4*r - 0*r + 108. Let c(f) = 38*f**2 - 15*f. Let x be c(3). What is the greatest common factor of r and x?
27
Let c(q) = 2*q**2 + 60*q + 459. Let n be c(-16). Suppose 4*h + 1025 = 5*y, -2*h - 2*h - 816 = -4*y. What is the greatest common factor of y and n?
11
Suppose -y + 13*y - 36 = 0. Let d be (-6 + 0)/((-1)/2). Calculate the highest common factor of d and y.
3
Let u(y) be the third derivative of y**5/60 + y**4/4 + 13*y**3/6 - 21*y**2 + 2*y. Let c be u(-5). Calculate the greatest common factor of c and 4.
4
Suppose -522 + 7628 = 34*x. Calculate the greatest common factor of 33 and x.
11
Suppose -12*g = -8*g - 812. Suppose g + 121 = 3*p. What is the greatest common divisor of 12 and p?
12
Let i = -41 - -45. Suppose 0 = -2*q - 3*q + 3*f + 411, -i*q + f + 333 = 0. What is the greatest common factor of 28 and q?
28
Suppose -42*m + 44*m = -24. Let o be ((-2)/m)/((-7)/(-42)). Calculate the highest common factor of 1 and o.
1
Let a = 9625 - 6233. What is the highest common d